**2 + 61*n + 39. Let c be r(-15). Suppose 5*j - 5*l = 0, 7*j + 2*l = 3*j + c. What is the greatest common divisor of j and 196?
4
Suppose -11*z = -8*z - 18. Let t be z/4*(-14)/(-7). Let a = -76 - -100. Calculate the highest common divisor of a and t.
3
Let q be -10*11/(110/(-16)). Let v be 2/(-4)*(8 - q). Suppose 18 + v = x. What is the greatest common divisor of x and 55?
11
Suppose 54*b - 59*b = -5. Let q be 45 - (6 + -6)*b/2. Calculate the greatest common divisor of 360 and q.
45
Let q(n) = 565*n + 7972. Let x be q(-14). Calculate the greatest common divisor of x and 1240.
62
Let i = -204 + 126. Let x be (5/(-10)*1)/(3/i). What is the highest common divisor of x and 169?
13
Let q be (-4)/(-20) + 1856/20. Let v(m) = 5 - 21*m**2 + 71*m - 1 - q*m + m**3. Let n be v(22). What is the greatest common divisor of 36 and n?
4
Let d = 104 - 39. Let r(v) = v**2 - 413*v + 9388. Let n be r(24). Calculate the highest common factor of n and d.
13
Suppose 58*m + 364*m - 69120 = 38*m. Suppose -3*j - 2*j = y - 675, -5*j + 2*y + 675 = 0. Calculate the highest common factor of j and m.
45
Let c(s) = s + 2. Let i be c(9). Suppose i*d = d + 80. Let a = -5 + 37. Calculate the greatest common factor of d and a.
8
Suppose -d = -u - 174, -3*u = -4*d - 238 + 930. Let x(m) = -m**3 + 5*m**2 + 2*m - 4. Let y be x(3). What is the greatest common divisor of d and y?
10
Suppose 5*x - 141 = -2*z, 5*x - 136 = -5*z + 14. Let p = -8 + 9. Calculate the greatest common factor of p and x.
1
Let f(q) = 3. Let w(r) = r + 83. Let v(t) = -2*f(t) + w(t). Let z be v(-22). Calculate the greatest common divisor of 55 and z.
55
Suppose -4*w + 3*x + 106 = 0, w - 5*x - 17 = 18. Suppose 4*d + 3*b + 11 = 0, -6*d + d + w = -4*b. Calculate the highest common factor of 1 and d.
1
Suppose -4*r - 11*a + 45 = -6*a, 4*r + 4*a - 40 = 0. Suppose 5*q - 1456 + 148 = 3*n, 0 = -4*q - r*n + 1076. What is the greatest common factor of 66 and q?
66
Let x be (-6*(-1)/(-10))/(30/(-149850)). Calculate the highest common divisor of x and 81.
81
Let o(y) = -4*y - 4. Let m be o(-4). Let t = m + -3. Let b be -3*(-6)/4*(-4 - -10). Calculate the highest common divisor of t and b.
9
Let x be (13366/(-6))/((24/(-9))/8). Calculate the greatest common factor of x and 163.
163
Let i(b) be the first derivative of -10*b + 6*b**2 + 11 + 4/3*b**3. Let h be i(-8). What is the highest common factor of h and 15?
15
Suppose -4*s = 2*i - 14, 32*s - i = 33*s - 1. What is the highest common factor of 4065 and s?
3
Suppose 0 = -2*x - 5*q + 228, 0 = 4*x + x - 3*q - 570. Suppose 6*z - 7*z = x. Let n = z - -120. Calculate the greatest common factor of 2 and n.
2
Let a be 54/15*(-10)/(-1). Suppose -y - 2*z + 15 = 0, 5*y + 5 - 122 = -3*z. What is the greatest common factor of a and y?
9
Suppose 5*v + 21 = -w, -53*v - 17 = 2*w - 48*v. What is the greatest common factor of 26 and w?
2
Suppose 0 = 5*m - 2*t - 261, 3*m + 190 = -3*t + 397. Let p be 18/(-4)*(3 + -79). Calculate the highest common factor of p and m.
57
Suppose -g - 47*q = -43*q - 59, -g + q = -64. Suppose 2*d = -d + 42. What is the highest common divisor of d and g?
7
Let p be 34/187 + (4253/(-22))/(5/(-60)). What is the greatest common factor of p and 348?
116
Suppose -5*f + 108 = -f. Let j(i) = -i**2 + 30*i + 25. Let o be j(25). Suppose o = 3*s + 69. Calculate the greatest common factor of f and s.
27
Let s be (-1 - (-2)/6)*(-13 - -19). Let x be (-3)/s - 812/(-112). What is the highest common factor of 10 and x?
2
Let y = 41 - 39. Suppose -q = -2*q - 3*j - y, -3*q + 2*j = -38. Calculate the highest common factor of 240 and q.
10
Let l(j) = j**2 + 19090 + 59*j + 0*j**2 - 18624. Let s be l(-50). Suppose -2*k = 3*k - 880. What is the highest common factor of k and s?
16
Let y(t) = t - 4. Let q be y(9). Suppose -2*w + 10*w = 32. Suppose -w*z + 4 = -0, -b = q*z - 19. What is the highest common factor of b and 14?
14
Suppose 2*z + 26*r - 28*r = 662, z - 4*r - 325 = 0. Calculate the greatest common divisor of z and 63.
9
Suppose -y = 3 - 2. Let o be -2*y/2 + (506 - 3). Suppose 3*p + 6*p = o. What is the highest common factor of p and 28?
28
Let s(a) = 2*a**2 - 92*a + 143. Let i be s(49). Calculate the greatest common factor of i and 95.
19
Let i be (621/18)/(-3 + 0)*2. Suppose 5*z - 112 = 183. Let v = z + i. Calculate the highest common divisor of 12 and v.
12
Suppose 2*f - l - 52 = 0, 2*f + 2*l - 60 = -8. Let p = 2785 + -2616. What is the highest common factor of p and f?
13
Let d(c) be the second derivative of -13/2*c**2 - 3/2*c**3 - 11*c - 1/12*c**4 + 0. Let z be d(-6). Calculate the greatest common factor of 5 and z.
5
Suppose 27*p = 42564 - 6276. Calculate the highest common factor of 84 and p.
84
Suppose -5*q - 5*v = -880, -v - 2 = -0. Suppose 2*n = -3*l - 2*l - 77, -2*l = 4*n + q. Let t be (n/4 + 4)*-2. Calculate the highest common factor of t and 60.
15
Let c be (1 + -2)*4/(-4). Let q be (0 + 2)/2 - (-6 + -17). Let a = -23 + q. Calculate the greatest common divisor of a and c.
1
Let o(a) = 84*a - 4. Let y be o(3). Suppose -2*t + y = -t. Let z(d) = -184*d - 705. Let s be z(-4). What is the highest common divisor of t and s?
31
Let d = 104 + -93. Suppose 0 = 2*g + 6, 4*x + d = -5*g + 8. Calculate the highest common factor of 24 and x.
3
Suppose 0 = -5*g - 0*g - 3*r - 81, 5*g + 65 = 5*r. Let x = -9 - g. Let c be 3/(27/x)*96. What is the highest common factor of 160 and c?
32
Suppose 0*z - z = -3*a - 30, -2*z = 4*a - 30. Suppose -4*r = -3*u - 1556, -2*r + u + 796 = 4*u. Let l = r - 245. Calculate the highest common factor of z and l.
21
Let m be (-7)/(-196)*-35 - 2/(16/(-13082)). Calculate the greatest common divisor of m and 38.
38
Suppose -2*k - 191 = -181, 3*t - 625 = 2*k. Calculate the highest common factor of t and 10.
5
Let o = 240 - 249. Let n be (1*4)/((-5)/1260*o). What is the greatest common factor of 28 and n?
28
Suppose -282*j + 290*j - 360 = 0. Calculate the greatest common factor of j and 3240.
45
Let h(u) = -u**3 + 81*u**2 - 156*u - 145. Let l be h(79). Suppose -2*d + 1 = -3. Let j = d + l. Calculate the greatest common divisor of 9 and j.
3
Suppose -278 + 426 + 344 = 41*u. What is the highest common divisor of u and 159?
3
Suppose 0 = -159*g + 170*g - 12804. Let l = g - 632. What is the greatest common factor of l and 76?
76
Let b(q) = -10*q - 3. Let z be b(-3). Suppose 10*d - 14*d - 24 = 0. Let w(i) = -12*i - 18. Let g be w(d). Calculate the greatest common factor of g and z.
27
Suppose 417*f - 2339 = 382*f + 111901. Calculate the highest common factor of f and 576.
192
Let d = 44 + -29. Let h(f) = f**3 - f**2 - 24*f + 56. Let g be h(3). Let x be (-20710)/(-1045) + -2*g/(-22). What is the greatest common factor of d and x?
5
Let y be 13/((-91)/(-378)) + 2. Let w be (-531)/12*y/(-42). Calculate the greatest common divisor of w and 59.
59
Suppose 7540*z + 1078 = 7547*z. What is the highest common divisor of z and 110?
22
Let q = -9 + 39. Let g(j) = -158*j**3 - j**2 + 3*j - 2. Let l be g(1). Let f = l + 203. Calculate the highest common divisor of f and q.
15
Let r = 143 + -145. Let w be r/3*(-7 + 13)/(-1). Calculate the greatest common divisor of 16 and w.
4
Let s = 137511 + -137493. Suppose -4 - 1 = -f. Suppose -11 = -4*o + 5*w + 6, -f*o = -w - 16. Calculate the greatest common divisor of o and s.
3
Let p be 2062 - (-6)/(-3 - 0) - (-215 + 215). Calculate the greatest common factor of p and 16.
4
Let d(a) = -a - 7. Let x be d(-9). Let j be (x/(-3)*-6)/(-2). Let n = 3 - j. Calculate the highest common factor of n and 2.
1
Let d(j) = -35*j + 117. Let x be d(3). Let g be 3/((-15)/2)*-115. Let w = g - -38. What is the highest common divisor of w and x?
12
Suppose 13*n - 2*n = 770. Let a = 195 - 175. What is the greatest common factor of a and n?
10
Let m = -19 + 17. Let s be (-5 - (m - -4))/(2/(-10)). Suppose 2*g = s + 19. Calculate the highest common divisor of g and 3.
3
Suppose -12*s + 8306 = -0*s - 10990. What is the greatest common divisor of 16 and s?
8
Suppose -10*x = x. Suppose x = 1588*l - 1584*l - 108. What is the greatest common factor of 1269 and l?
27
Suppose 3*o - 2*o - z = 201, 2*o + 4*z = 384. Let p be 20/5 + (-50)/(-15)*12. What is the greatest common divisor of p and o?
22
Let g be (-3)/5*75/(-5). Let h be (-13 - -2) + 3 + 7. Let j be ((-60)/g)/(